 highest common divisor of 220 and g.
20
Suppose -5*q = -4*q - 5, -t + 4*q + 10 = 0. Suppose -3*h + 121 = 5*b, 42*b - 44*b - 3*h = -61. Calculate the greatest common divisor of t and b.
10
Suppose -165 + 45 = -2*n. Let j(u) = -u**2 - 3*u**3 - 4*u + u**2 + 10*u**2 - 2*u**3 + 3*u**3. Let c be j(3). Calculate the greatest common factor of c and n.
12
Let w be -26 - (1 + -11) - -198. Calculate the highest common divisor of 840 and w.
14
Suppose 60*i + 262 = 4873 + 4029. What is the greatest common factor of 16 and i?
16
Suppose 376*y + 1305 = 405*y. Calculate the greatest common factor of y and 720.
45
Let u = 175 - 63. Let s be (-2)/(-6)*(-99)/(-33). Suppose 8*v - s = 127. What is the greatest common divisor of v and u?
16
Let n(d) = d + 48. Let l be 2/(-7) - 2/(-7). Let a be n(l). Let x(w) = 5*w - 4. Let k be x(4). What is the greatest common factor of a and k?
16
Let j be (-248520)/570*5/(-4). What is the greatest common factor of 35 and j?
5
Let m be 0/(6 + (-1)/(1/4)). Suppose 0 = -12*w + 8*w - 5*r + 959, 5*w + r - 1183 = m. Calculate the greatest common factor of 59 and w.
59
Suppose 15*d - 1140 = 27*d. Let y = d - -161. Calculate the greatest common factor of 3 and y.
3
Suppose -3*a - 5*g + 95 = -0*a, g - 1 = 0. Let z = -102 + 139. Suppose 0 = -8*w + 11 + z. What is the greatest common divisor of a and w?
6
Let t(n) = 6*n + 462. Let l be t(0). Let i = l - 324. Let j = 22 - 16. What is the greatest common factor of i and j?
6
Suppose 41*w - 10117 - 40764 = 0. Calculate the highest common divisor of w and 34.
17
Suppose 0 = -4*b + 11 + 89. Suppose 0 = 5*t + b, -3*t + 19 + 26 = -5*s. Let o be (-2)/12*(20 - s)*-3. What is the highest common divisor of 176 and o?
16
Let y(k) = k**3 - 33*k**2 + 45*k - 26. Let s be y(32). Suppose -89*p = -79*p - s. Calculate the greatest common divisor of 325 and p.
13
Suppose g - 1979 = -4*v - 164, 5*v = -4*g + 2277. Suppose v*j - 458*j + 2360 = 0. Calculate the highest common factor of 59 and j.
59
Let j(a) = a**3 - 10*a**2 + 7*a - 4. Let b be j(9). Let r = 36 + b. Suppose 490 = -291*h + 296*h. Calculate the highest common divisor of r and h.
14
Let s(n) = -n**3 - n**2 + n + 16. Let t be s(0). Suppose 2*u = 5*w - 1832, 2*w - 770*u + 773*u = 748. Calculate the greatest common divisor of w and t.
16
Let j = 237 + -349. Let g = -91 - j. Let u be (-164)/(-8) + (-8)/(-16). Calculate the highest common factor of u and g.
21
Let y be 249/6 + ((-14)/(-4) - 3). Let m = y - -9. Let v = -697 + 1258. What is the highest common factor of m and v?
51
Let s = -22 - 99. Let q = s + 89. Let d = q - -60. What is the greatest common divisor of 21 and d?
7
Let t(x) = 20*x - 288. Let l be t(22). What is the greatest common factor of 16 and l?
8
Let f be (-145 + 0)*(-80)/(-32)*66/(-55). Suppose 0*a + a = 15. What is the greatest common divisor of a and f?
15
Let b = 29 - 19. Let j(r) = -r**3 - 2*r**2 - 3*r + 5. Suppose 120*w - 117*w = 0. Let x be j(w). Calculate the greatest common divisor of b and x.
5
Suppose 52*d = 57*d - 200. Let p(h) = -h - 2. Let a be p(5). Let g be 50/(((-35)/10)/a). What is the highest common factor of g and d?
20
Let u(n) = 417*n - 379. Let p be u(1). Calculate the highest common factor of 57 and p.
19
Let r = -27 - -59. Let o be (6/4)/(30/80). Suppose 36 = o*t - r. What is the highest common divisor of 136 and t?
17
Suppose 7*u = 11 - 18. Let w(v) = -77*v**3 + 3*v**2 + 2*v. Let k be w(u). Let s be (5 + k/(-18))*(-783)/(-2). Calculate the greatest common divisor of 9 and s.
9
Let v(w) = -556*w + 1463. Let d be v(0). Calculate the highest common divisor of 1197 and d.
133
Let r(d) = d**3 - d**2 + 4. Let p be r(0). Suppose -p = -3*b + 185. Calculate the greatest common divisor of b and 126.
63
Let l(w) = w**3 + 22*w**2 + 38*w + 41. Let p be l(-20). Let n = -79 + p. Calculate the highest common factor of n and 70.
2
Let n be (-3)/(4 + 83/(-20)). Suppose 2*y = 6*y + n. Let h be 50*((-5)/(-2))/y*-1. What is the greatest common factor of 225 and h?
25
Suppose -4*m = -8, 853 = 2*w - 4*m - 29. Let v = w - 390. Let k(a) = 3*a + 4. Let f be k(6). What is the highest common factor of f and v?
11
Let b = -2 - 10. Let f(g) = -g**3 + 8*g**2 + 22*g - 19. Let y be f(10). Let o be (y + -28)*4/b. What is the highest common divisor of 1 and o?
1
Let s = 14 - 13. Let i be (-228)/(-30)*(-4 + -1)*s. Let a = -18 - i. What is the highest common factor of 4 and a?
4
Let m be 5427 + -5 + (35/(-105))/(3/9). What is the greatest common factor of 13 and m?
13
Suppose 7*l - 5 = 12*l + 5*x, -l = -3*x - 3. Suppose -11*y - 8*y + 3895 = l. What is the highest common divisor of 123 and y?
41
Let s(v) = v**3 + 2*v**2 + 1. Let q be s(2). Suppose -2*n + 1 = -q. Let h = -41 - -77. What is the highest common divisor of n and h?
9
Let m be (24/4)/(3/2). Suppose m*d - 3*s - 12 = 0, 0*s - 3*s = -2*d. Let t(r) = -7*r + 43. Let j be t(d). Calculate the greatest common factor of 4 and j.
1
Let z = -10 + 16. Suppose 3*o + 3*b = 6 - 3, 3*o = -4*b + 2. Suppose o*i = 3*y + 144, -8*y - 292 = -4*i - 3*y. What is the greatest common divisor of z and i?
6
Suppose 257*y - 935 = 1378. What is the greatest common divisor of 71 and y?
1
Suppose -5*v + 3*g + 426 = 0, -g = 2*v + 3*g - 186. Let w = 11852 - 11849. Calculate the greatest common divisor of v and w.
3
Suppose 11467*r - 11478*r = -220. Calculate the greatest common factor of r and 45.
5
Let u be (-19)/(4 + 1/((-45)/185)). Let a(f) = 9*f + 0 + 2*f - 3. Let j be a(2). Calculate the greatest common factor of j and u.
19
Let d(y) = 5*y**2 + 33*y - 237. Let t be d(27). What is the highest common factor of t and 3?
3
Let c(q) = -2*q**3 - 58*q**2 + 34*q - 122. Let p be c(-30). What is the highest common factor of 42 and p?
14
Let b(r) = -r**3 + 4*r**2 + 7*r - 7. Let o be b(-2). Let z = -58 - -109. What is the highest common divisor of z and o?
3
Let u(i) be the first derivative of 3*i - 15 + 1/3*i**3 + 2*i**2. Let s be u(-5). Calculate the greatest common factor of 12 and s.
4
Let i = -53 + 55. Suppose -424 = -10*a - 4. What is the greatest common factor of a and i?
2
Suppose 78*j - 856 = 44*j - 73*j. Calculate the greatest common factor of 22856 and j.
8
Suppose -s - 2 = -2*p - 2*s, -4*p = s - 8. Suppose p*t = -3*o + 21 + 15, -4*o + 26 = 2*t. What is the highest common divisor of 99 and t?
11
Suppose -9*s - 60 = -24*s. Let g be 3/(-2)*(s - 32/6). Calculate the greatest common divisor of g and 46.
2
Suppose -45 = -o + 5*c, 2*o = o + 4*c + 50. Suppose -100*f + 102*f = o. Calculate the highest common divisor of 175 and f.
35
Let k = -5427 - -15227. Calculate the greatest common factor of k and 245.
245
Let p = 29 - 11. Suppose 0 = -4*r + p - 6. What is the highest common divisor of 6 and r?
3
Suppose 4*i + 24 = 0, -t - 21 + 378 = 3*i. Calculate the greatest common divisor of t and 35.
5
Let f = -25601 - -45611. What is the greatest common factor of 30 and f?
30
Let g be -246*3/(-18) - 18. What is the highest common divisor of g and 1127?
23
Let c = -5834 + 12351. What is the highest common factor of 147 and c?
49
Let f = 10807 - 7367. What is the greatest common factor of f and 240?
80
Suppose -51829 - 111307 = -15*o + 62464. What is the greatest common factor of o and 235?
235
Let d = -682 + 700. Let b(t) = -t**3 + 5*t**2 - 3*t - 6. Let y be b(5). Let m = -15 - y. Calculate the highest common factor of d and m.
6
Let a = -31 - -43. Let z be ((-4)/(-16) - (-20022)/168) + (-8)/(-14). What is the highest common divisor of a and z?
12
Let p(q) = -q**2 - 6*q**2 - 9 + 9 + 13 + q**3. Let k be p(9). Calculate the greatest common divisor of 70 and k.
35
Let r = -34922 + 34970. Calculate the highest common factor of r and 59664.
48
Let x(l) = -21*l**3 - 20*l**2 - 58*l - 3. Let m be x(-3). Calculate the greatest common divisor of 486 and m.
18
Suppose -58*z + 6 = -57*z, 3*m - 5*z - 3144 = 0. What is the highest common divisor of m and 92?
46
Let q(s) = -s**2 - s + 8. Let x be q(0). Suppose 4*z = -5*y + 25, 5*z - 9 = 3*y + 13. Suppose -80 = 3*n - z*n. What is the highest common factor of x and n?
8
Let k be 0 + (-4)/((-8)/66). Let f be 9 + -11 + (8/2 - -2). Suppose -f*c + 231 = -429. Calculate the highest common factor of k and c.
33
Suppose -5*b + 2*u = -2*b - 346, 0 = b - 2*u - 122. Suppose -6*i - 10 = -4*a, 3*i = -a -